igit of m?
1
Suppose 5210 = 4*f - 14118. Suppose 0 = -0*u - 16*u + f. Suppose -3*p = -130 - u. What is the units digit of p?
4
Let y(w) = w**3 + 2*w**2 - 5*w - 4. Let r be y(-3). Let k(d) = 4 + 0*d - r*d + d**3 + 6*d**2 - d. What is the tens digit of k(-6)?
2
Let w = 11 - 15. Let g be (-1)/(w/40*2). Suppose 6*u - g*u = 56. What is the tens digit of u?
5
Suppose -661*j + 663*j + l - 6972 = 0, -4*j + 5*l + 13930 = 0. What is the units digit of j?
5
Let o = 44363 + -26345. What is the hundreds digit of o?
0
What is the ten thousands digit of 3/4*17/((-918)/(-3786768))?
5
Let r = -609 + 285. Let x be r/(-15) - (-6)/15. Suppose -a + 3*z + x = -63, 3*a = -2*z + 255. What is the units digit of a?
5
Let h(g) = 1190*g**2 - 36*g + 75. What is the units digit of h(2)?
3
Let r = 26850 - 15049. What is the tens digit of r?
0
Suppose 111*s - 7712692 = -207*s + 2191100. What is the units digit of s?
4
Suppose 1989*y - 1991*y = -10. Suppose d = -y*h + 2467, 8*d + 482 = h + 12*d. What is the units digit of h?
4
Let p = 36 + -34. Suppose 3*u = p*i + 6, -5*u = -4*i - 11 + 3. Suppose 4*h = -i*o + 849, 5*o - 623 = -2*h - h. What is the hundreds digit of h?
2
Suppose 765 = 4*x - 0*x - 5*a, 207 = x + 4*a. Suppose -2*l + x = s - 385, -4*s = -2*l + 580. What is the hundreds digit of l?
2
Let d = 3057 + -236. What is the thousands digit of d?
2
Suppose -57*i + 10 = -52*i, 13650 = o - i. What is the thousands digit of o?
3
Suppose -271*t + 1678225 = -2371870. What is the hundreds digit of t?
9
What is the units digit of (-374462)/(-55) - (63/(-15))/7?
9
Let w(j) = j**3 - 35*j**2 + 276*j + 222. What is the ten thousands digit of w(52)?
6
Let i(u) be the second derivative of -387*u**5/10 - u**4/6 - 5*u**3/6 - 2*u**2 + 13*u - 7. What is the units digit of i(-1)?
3
Let y(k) = k**3 + 3*k**2 - 15*k + 23. Let c be y(-6). Suppose 0 = -c*p + 3*n + 3779, -17*n + 16*n - 1511 = -2*p. What is the units digit of p?
4
Let g = -452 + 510. Suppose 51*a = g*a - 5894. What is the hundreds digit of a?
8
Let u(p) = 121*p**2 - 125*p + 24. What is the hundreds digit of u(7)?
0
Let w = -227 + 232. Suppose 0 = -w*o + 612 - 132. What is the units digit of o?
6
Let k = 5284 - 3625. What is the tens digit of k?
5
Suppose -r + 8 = 3*r - 5*k, 4*r = 4*k + 8. Suppose -3*m = m + 3*q + 12, 3*m - r*q - 8 = 0. Suppose m = -2*j - 4*j + 648. What is the tens digit of j?
0
Suppose -3*s + 2*i = 2*s - 23, -4*s + 8 = i. Suppose a = -2*u + 78, -4*a = s*u + u - 332. Suppose 0 = -2*z + 6*z - a. What is the units digit of z?
2
Suppose 4*t + p - 12 = 0, -2*p = 28*t - 32*t + 24. Suppose 4*h - 3*w - 1905 = 0, 0*w = -5*h - t*w + 2389. What is the units digit of h?
7
Suppose 67*g - 238*g + 6172545 = 76737. What is the tens digit of g?
4
Suppose 0 = -7*j - 323 + 1842. Suppose g + 20*d = 22*d + j, g + 4*d - 217 = 0. What is the units digit of g?
7
Let o = -903 - -135. What is the units digit of o/(-18) + 5 + 1/3?
8
Let j(c) = 15*c + 94. Let o be j(-6). Suppose 5*u - 221 = -o*a, -5*a + 4*u = 8*u - 274. What is the tens digit of a?
5
Suppose -29 = 4*g + 3. Let q be (-110)/6 + 44/6 + g. What is the tens digit of (-4)/(-2) - 2*(q - 0)?
4
Suppose 10*d = 4*t + 14*d + 868, d = t + 225. Let n = t - -929. What is the hundreds digit of n?
7
Let v(g) = -7*g**2 - 11*g + 64. Let h(y) = 20*y**2 + 33*y - 192. Let x(f) = 4*h(f) + 11*v(f). What is the hundreds digit of x(-16)?
5
Suppose -5*i = -3*i + i. Suppose 15 = 7*m + 1. Suppose -3*t = g + 3*g - 144, -m*g - t + 70 = i. What is the units digit of g?
3
Suppose 0*w + w + 4*y = -13, w - 4*y = 11. What is the hundreds digit of (-610 - 3)/w + 18/9?
6
Let w(z) = -2*z**2 + 15*z + 27. Let a be w(9). Suppose a = 15*g - 37*g + 3894. What is the tens digit of g?
7
Let q = -41 + 43. Let p(j) = 2*j - 2*j**2 - 19 + 3*j**q + j. What is the tens digit of p(-9)?
3
Suppose -v - 2 = 2*b, 4*v - b = -29 + 3. Let j(h) = -h**3 + h**2 - 3*h - 1. What is the units digit of j(v)?
9
Let d = 658 - 670. What is the hundreds digit of -7*(d/16 + 3625/(-20))?
2
Let f = -331 + 109. Let z = f - -50. What is the tens digit of 3*2*2/(-6) - z?
7
Suppose -3*n + 3*w = -34578, -27101 - 30559 = -5*n - w. What is the ten thousands digit of n?
1
Suppose -4*f = -7*f + 15. Let v(j) = j**2 - 9*j + 70. Let o be v(-17). Suppose -f*n + o = -n. What is the units digit of n?
8
Suppose -11*o - 277 = -1531. Let c(k) = -k**2 - 14*k - 2. Let i be c(-11). Let j = o - i. What is the units digit of j?
3
Suppose -4 = 24*s - 26*s. Let r(q) = -14*q**3 + s*q + 47 - 5*q + 15*q**3. What is the units digit of r(0)?
7
Suppose 4*w - 37516 = 4*q, -38*w + 43*w - 46883 = -q. What is the units digit of w?
7
Let j(q) = -q**3 + 25*q**2 - 17*q. Let d be j(24). Let f = d + -28. What is the hundreds digit of f?
1
Suppose -47*i + 44*i + 12 = 0. Suppose 2*z = i*d - 4082, 3*z + 11 = -4. What is the tens digit of d?
1
Let w(h) = -8*h**2 + 33*h - 23. Let f(x) = 3*x**2 - 11*x + 8. Let o(u) = -11*f(u) - 4*w(u). What is the units digit of o(-10)?
4
Let m = 120 - 117. Let f(u) = 8*u**2 + 9*u - 7. Let i be f(m). Suppose 2*w + i - 238 = -x, 4*x + 5*w = 572. What is the units digit of x?
8
Let b = 66457 - 34904. What is the units digit of b?
3
Let r(u) = -17*u + 7. Let v(k) = 16*k - 5. Let s(w) = 3*r(w) + 2*v(w). Let m be (-2 - 2)*3/4. What is the units digit of s(m)?
8
Let c(j) = 9*j - 51. Let o be c(6). Suppose -k = -o*k + 2*f + 1388, k - 695 = 2*f. What is the hundreds digit of k?
6
Suppose -2*t + 134 = q - t, t = 4*q - 526. Suppose 0*s - q = -3*s. What is the units digit of (-18)/(s/(-16) - (-4 - -2))?
4
Let i(g) = g**3 + 32*g**2 + 4. Let t be i(-32). What is the units digit of (-5)/(-4) + 211/t?
4
Suppose 36 = 4*r + 4*o, 3*r + 17 - 44 = -4*o. Let l(g) = -618 + 293 + 10*g - g**3 + 10*g**2 + 287. What is the units digit of l(r)?
3
Suppose 0 = -2*t + 4*p - 1640, 4*t + 2*p = 4*p - 3310. Let i = t + 1388. Suppose 93 = -3*b + i. What is the hundreds digit of b?
1
Let v(u) = 43*u**3 - 3*u**2 - 8*u + 48. What is the tens digit of v(6)?
8
Let m(s) be the first derivative of -s**3/3 - 17*s**2/2 - 24*s - 17. Let r be m(-15). Suppose r*a - 164 = 292. What is the tens digit of a?
7
Let p(u) = 5 - 11 + 2 + 1 - 20*u. Let f(z) = -39*z - 7. Let l(g) = 2*f(g) - 5*p(g). What is the units digit of l(3)?
7
Suppose -9 + 79 = 10*o. What is the units digit of 632 - (7 + (3 - o))?
9
Let m(v) = 20*v - 119. Let f be m(6). What is the units digit of f + 3 + -4 - -930?
0
Suppose -4*g - 2*g = 48. Let w(t) = -9*t + 17. What is the units digit of w(g)?
9
Let v = -58 - -59. Let r be (v*3/6)/((-3)/(-30)). What is the tens digit of (-3)/((-15)/1) - (-449)/r?
9
Let f be 18*(-1 + 2)*(-10)/(-4). Let s = 41 - f. Let i(r) = -49*r + 2. What is the tens digit of i(s)?
9
Let c(t) = -t**3 + 10*t**2 - 35. Let j be c(8). Suppose 4*v = -2*w + 416, -3*v = -4*v + 5*w + j. What is the hundreds digit of v?
1
Let p = 1399 + 413. Let s = -1054 + p. What is the units digit of s?
8
Let q(v) = -v**3 + 16*v**2 - 8*v + 22. Let z(b) = 2*b**3 - 31*b**2 + 16*b - 43. Let h(x) = 5*q(x) + 3*z(x). Let s = 939 + -926. What is the units digit of h(s)?
5
Let r = 103 - 80. Suppose 2*d = 4*h - 34, 9*d = 3*h + 8*d - r. Suppose -2 = -g, -3*i + 3*g - h*g = -675. What is the tens digit of i?
2
Suppose -14*y + 393 = -11*y. Let w(l) = 12*l - 6. Let s be w(-6). Let c = s + y. What is the tens digit of c?
5
Let i = 548 + -351. Let h = i + 909. What is the tens digit of h?
0
Let c(m) = -7*m - 2. Let n be c(-1). Suppose 9*r - n*r - 12 = 0. Suppose 0 = r*g - 3, -4*z - 5*g = -10*g - 155. What is the tens digit of z?
4
Suppose 2*k = -3*k - t + 480, -5*k - 2*t = -485. Suppose 2*v = v + k. Let f = v - 17. What is the units digit of f?
8
What is the units digit of 6*8/((-24)/(-2879))?
8
Let h(b) = -2*b**3 - 19*b**2 + 15*b + 9. Let c = 86 - 97. Let r be h(c). Let k = 398 - r. What is the tens digit of k?
9
Suppose 15*x = 14*x - 104. Let i = 182 + x. Suppose 12 = j - i. What is the units digit of j?
0
Let b = 5 + 11. Let s be (b/6)/(10/30). Suppose 0 = s*j - 9*j + 12. What is the tens digit of j?
1
Let c(a) = a**3 - 14*a**2 + 29*a + 12. Let x be c(11). What is the tens digit of ((x/20)/(2/265))/(-2)?
0
What is the hundreds digit of 18 - 72336/(-8)*1?
0
Let h(a) = 2*a**3 + 21*a**2 + 77*a + 33. Let w(n) = 5*n**3 + 62*n**2 + 232*n + 99. Let b(k) = -8*